{"id":10,"date":"2024-06-07T10:48:50","date_gmt":"2024-06-07T08:48:50","guid":{"rendered":"https:\/\/leipzig.wordcamp.org\/2025\/sponsors\/"},"modified":"2025-02-26T12:09:48","modified_gmt":"2025-02-26T11:09:48","slug":"sponsoren","status":"publish","type":"page","link":"https:\/\/leipzig.wordcamp.org\/2025\/sponsoren\/","title":{"rendered":"Sponsoren"},"content":{"rendered":"\n<h2 class=\"wp-block-heading\">Globale Sponsoren<\/h2>\n\n\n\n<div class=\"wp-block-query is-layout-flow wp-block-query-is-layout-flow\"><ul class=\"columns-3 wp-block-post-template is-layout-grid wp-container-core-post-template-is-layout-7e964c02 wp-block-post-template-is-layout-grid\"><li class=\"wp-block-post post-688 wcb_sponsor type-wcb_sponsor status-publish has-post-thumbnail hentry wcb_sponsor_level-gold-sponsor\">\n<figure style=\"aspect-ratio:16\/9;\" class=\"wp-block-post-featured-image\"><a href=\"https:\/\/leipzig.wordcamp.org\/2025\/sponsor\/a2-hosting\/\" target=\"_self\"  ><img data-recalc-dims=\"1\" loading=\"lazy\" decoding=\"async\" width=\"6626\" height=\"1424\" src=\"https:\/\/i0.wp.com\/leipzig.wordcamp.org\/2025\/files\/2025\/03\/a2_hosting_logo.png?resize=6626%2C1424&#038;ssl=1\" class=\"attachment-post-thumbnail size-post-thumbnail wp-post-image\" alt=\"A2 Hosting &#8211; Global-Sponsor\" style=\"width:100%;height:100%;object-fit:contain;\" srcset=\"https:\/\/i0.wp.com\/leipzig.wordcamp.org\/2025\/files\/2025\/03\/a2_hosting_logo.png?w=6626&amp;ssl=1 6626w, https:\/\/i0.wp.com\/leipzig.wordcamp.org\/2025\/files\/2025\/03\/a2_hosting_logo.png?resize=300%2C64&amp;ssl=1 300w, https:\/\/i0.wp.com\/leipzig.wordcamp.org\/2025\/files\/2025\/03\/a2_hosting_logo.png?resize=1024%2C220&amp;ssl=1 1024w, https:\/\/i0.wp.com\/leipzig.wordcamp.org\/2025\/files\/2025\/03\/a2_hosting_logo.png?resize=768%2C165&amp;ssl=1 768w, https:\/\/i0.wp.com\/leipzig.wordcamp.org\/2025\/files\/2025\/03\/a2_hosting_logo.png?resize=500%2C107&amp;ssl=1 500w, https:\/\/i0.wp.com\/leipzig.wordcamp.org\/2025\/files\/2025\/03\/a2_hosting_logo.png?resize=1536%2C330&amp;ssl=1 1536w, https:\/\/i0.wp.com\/leipzig.wordcamp.org\/2025\/files\/2025\/03\/a2_hosting_logo.png?resize=2048%2C440&amp;ssl=1 2048w, https:\/\/i0.wp.com\/leipzig.wordcamp.org\/2025\/files\/2025\/03\/a2_hosting_logo.png?w=3000&amp;ssl=1 3000w\" sizes=\"auto, (max-width: 1000px) 100vw, 1000px\" \/><\/a><\/figure>\n<\/li><li class=\"wp-block-post post-22 wcb_sponsor type-wcb_sponsor status-publish has-post-thumbnail hentry wcb_sponsor_level-gold-sponsor\">\n<figure style=\"aspect-ratio:16\/9;\" class=\"wp-block-post-featured-image\"><a href=\"https:\/\/leipzig.wordcamp.org\/2025\/sponsor\/automattic\/\" target=\"_self\"  ><img data-recalc-dims=\"1\" loading=\"lazy\" decoding=\"async\" width=\"2430\" height=\"694\" src=\"https:\/\/i0.wp.com\/leipzig.wordcamp.org\/2025\/files\/2025\/04\/wordpressdotcom_lockup-black-1.jpg?resize=2430%2C694&#038;ssl=1\" class=\"attachment-post-thumbnail size-post-thumbnail wp-post-image\" alt=\"Automattic &#8211; Global-Sponsor\" style=\"width:100%;height:100%;object-fit:contain;\" srcset=\"https:\/\/i0.wp.com\/leipzig.wordcamp.org\/2025\/files\/2025\/04\/wordpressdotcom_lockup-black-1.jpg?w=2430&amp;ssl=1 2430w, https:\/\/i0.wp.com\/leipzig.wordcamp.org\/2025\/files\/2025\/04\/wordpressdotcom_lockup-black-1.jpg?resize=300%2C86&amp;ssl=1 300w, https:\/\/i0.wp.com\/leipzig.wordcamp.org\/2025\/files\/2025\/04\/wordpressdotcom_lockup-black-1.jpg?resize=1024%2C292&amp;ssl=1 1024w, https:\/\/i0.wp.com\/leipzig.wordcamp.org\/2025\/files\/2025\/04\/wordpressdotcom_lockup-black-1.jpg?resize=768%2C219&amp;ssl=1 768w, https:\/\/i0.wp.com\/leipzig.wordcamp.org\/2025\/files\/2025\/04\/wordpressdotcom_lockup-black-1.jpg?resize=500%2C143&amp;ssl=1 500w, https:\/\/i0.wp.com\/leipzig.wordcamp.org\/2025\/files\/2025\/04\/wordpressdotcom_lockup-black-1.jpg?resize=1536%2C439&amp;ssl=1 1536w, https:\/\/i0.wp.com\/leipzig.wordcamp.org\/2025\/files\/2025\/04\/wordpressdotcom_lockup-black-1.jpg?resize=2048%2C585&amp;ssl=1 2048w\" sizes=\"auto, (max-width: 1000px) 100vw, 1000px\" \/><\/a><\/figure>\n<\/li><li class=\"wp-block-post post-26 wcb_sponsor type-wcb_sponsor status-publish has-post-thumbnail hentry wcb_sponsor_level-gold-sponsor\">\n<figure style=\"aspect-ratio:16\/9;\" class=\"wp-block-post-featured-image\"><a href=\"https:\/\/leipzig.wordcamp.org\/2025\/sponsor\/bluehost\/\" target=\"_self\"  ><img data-recalc-dims=\"1\" loading=\"lazy\" decoding=\"async\" width=\"651\" height=\"137\" src=\"https:\/\/i0.wp.com\/leipzig.wordcamp.org\/2025\/files\/2024\/06\/bh_logo_2015.png?resize=651%2C137&#038;ssl=1\" class=\"attachment-post-thumbnail size-post-thumbnail wp-post-image\" alt=\"Bluehost &#8211; Global-Sponsor\" style=\"width:100%;height:100%;object-fit:contain;\" srcset=\"https:\/\/i0.wp.com\/leipzig.wordcamp.org\/2025\/files\/2024\/06\/bh_logo_2015.png?w=651&amp;ssl=1 651w, https:\/\/i0.wp.com\/leipzig.wordcamp.org\/2025\/files\/2024\/06\/bh_logo_2015.png?resize=300%2C63&amp;ssl=1 300w, https:\/\/i0.wp.com\/leipzig.wordcamp.org\/2025\/files\/2024\/06\/bh_logo_2015.png?resize=500%2C105&amp;ssl=1 500w\" sizes=\"auto, (max-width: 651px) 100vw, 651px\" \/><\/a><\/figure>\n<\/li><li class=\"wp-block-post post-844 wcb_sponsor type-wcb_sponsor status-publish has-post-thumbnail hentry wcb_sponsor_level-gold-sponsor\">\n<figure style=\"aspect-ratio:16\/9;\" class=\"wp-block-post-featured-image\"><a href=\"https:\/\/leipzig.wordcamp.org\/2025\/sponsor\/kinsta-global-sponsor\/\" target=\"_self\"  ><img data-recalc-dims=\"1\" loading=\"lazy\" decoding=\"async\" width=\"1219\" height=\"239\" src=\"https:\/\/i0.wp.com\/leipzig.wordcamp.org\/2025\/files\/2025\/04\/Kinsta_logo.png?resize=1219%2C239&#038;ssl=1\" class=\"attachment-post-thumbnail size-post-thumbnail wp-post-image\" alt=\"Kinsta &#8211; Global-Sponsor\" style=\"width:100%;height:100%;object-fit:contain;\" srcset=\"https:\/\/i0.wp.com\/leipzig.wordcamp.org\/2025\/files\/2025\/04\/Kinsta_logo.png?w=1219&amp;ssl=1 1219w, https:\/\/i0.wp.com\/leipzig.wordcamp.org\/2025\/files\/2025\/04\/Kinsta_logo.png?resize=300%2C59&amp;ssl=1 300w, https:\/\/i0.wp.com\/leipzig.wordcamp.org\/2025\/files\/2025\/04\/Kinsta_logo.png?resize=1024%2C201&amp;ssl=1 1024w, https:\/\/i0.wp.com\/leipzig.wordcamp.org\/2025\/files\/2025\/04\/Kinsta_logo.png?resize=768%2C151&amp;ssl=1 768w, https:\/\/i0.wp.com\/leipzig.wordcamp.org\/2025\/files\/2025\/04\/Kinsta_logo.png?resize=500%2C98&amp;ssl=1 500w\" sizes=\"auto, (max-width: 1000px) 100vw, 1000px\" \/><\/a><\/figure>\n<\/li><li class=\"wp-block-post post-28 wcb_sponsor type-wcb_sponsor status-publish has-post-thumbnail hentry wcb_sponsor_level-gold-sponsor\">\n<figure style=\"aspect-ratio:16\/9;\" class=\"wp-block-post-featured-image\"><a href=\"https:\/\/leipzig.wordcamp.org\/2025\/sponsor\/woo\/\" target=\"_self\"  ><img data-recalc-dims=\"1\" loading=\"lazy\" decoding=\"async\" width=\"983\" height=\"322\" src=\"https:\/\/i0.wp.com\/leipzig.wordcamp.org\/2025\/files\/2025\/04\/Woo-Logo-New.png?resize=983%2C322&#038;ssl=1\" class=\"attachment-post-thumbnail size-post-thumbnail wp-post-image\" alt=\"Woo &#8211; Global-Sponsor\" style=\"width:100%;height:100%;object-fit:contain;\" srcset=\"https:\/\/i0.wp.com\/leipzig.wordcamp.org\/2025\/files\/2025\/04\/Woo-Logo-New.png?w=983&amp;ssl=1 983w, https:\/\/i0.wp.com\/leipzig.wordcamp.org\/2025\/files\/2025\/04\/Woo-Logo-New.png?resize=300%2C98&amp;ssl=1 300w, https:\/\/i0.wp.com\/leipzig.wordcamp.org\/2025\/files\/2025\/04\/Woo-Logo-New.png?resize=768%2C252&amp;ssl=1 768w, https:\/\/i0.wp.com\/leipzig.wordcamp.org\/2025\/files\/2025\/04\/Woo-Logo-New.png?resize=500%2C164&amp;ssl=1 500w\" sizes=\"auto, (max-width: 983px) 100vw, 983px\" \/><\/a><\/figure>\n<\/li><\/ul><\/div>\n\n\n\n<h2 class=\"wp-block-heading\">Gold-Sponsoren<\/h2>\n\n\n\n<div class=\"wp-block-query is-layout-flow wp-block-query-is-layout-flow\"><ul class=\"columns-3 wp-block-post-template is-layout-grid wp-container-core-post-template-is-layout-7e964c02 wp-block-post-template-is-layout-grid\"><li class=\"wp-block-post post-502 wcb_sponsor type-wcb_sponsor status-publish has-post-thumbnail hentry wcb_sponsor_level-gold-sponsor\">\n<figure style=\"aspect-ratio:16\/9;\" class=\"wp-block-post-featured-image\"><a href=\"https:\/\/leipzig.wordcamp.org\/2025\/sponsor\/one-com\/\" target=\"_self\"  ><img data-recalc-dims=\"1\" loading=\"lazy\" decoding=\"async\" width=\"1290\" height=\"1290\" src=\"https:\/\/i0.wp.com\/leipzig.wordcamp.org\/2025\/files\/2025\/02\/one.com_.png?resize=1290%2C1290&#038;ssl=1\" class=\"attachment-post-thumbnail size-post-thumbnail wp-post-image\" alt=\"one.com &#8211; Gold-Sponsor 2025\" style=\"width:100%;height:100%;object-fit:contain;\" srcset=\"https:\/\/i0.wp.com\/leipzig.wordcamp.org\/2025\/files\/2025\/02\/one.com_.png?w=1290&amp;ssl=1 1290w, https:\/\/i0.wp.com\/leipzig.wordcamp.org\/2025\/files\/2025\/02\/one.com_.png?resize=300%2C300&amp;ssl=1 300w, https:\/\/i0.wp.com\/leipzig.wordcamp.org\/2025\/files\/2025\/02\/one.com_.png?resize=1024%2C1024&amp;ssl=1 1024w, https:\/\/i0.wp.com\/leipzig.wordcamp.org\/2025\/files\/2025\/02\/one.com_.png?resize=150%2C150&amp;ssl=1 150w, https:\/\/i0.wp.com\/leipzig.wordcamp.org\/2025\/files\/2025\/02\/one.com_.png?resize=768%2C768&amp;ssl=1 768w\" sizes=\"auto, (max-width: 1000px) 100vw, 1000px\" \/><\/a><\/figure>\n<\/li><li class=\"wp-block-post post-663 wcb_sponsor type-wcb_sponsor status-publish has-post-thumbnail hentry wcb_sponsor_level-gold-sponsor\">\n<figure style=\"aspect-ratio:16\/9;\" class=\"wp-block-post-featured-image\"><a href=\"https:\/\/leipzig.wordcamp.org\/2025\/sponsor\/smarthost-sp-z-oo\/\" target=\"_self\"  ><img data-recalc-dims=\"1\" loading=\"lazy\" decoding=\"async\" width=\"1024\" height=\"158\" src=\"https:\/\/i0.wp.com\/leipzig.wordcamp.org\/2025\/files\/2025\/02\/altumhost_logo_pod_www_na_biale.png?resize=1024%2C158&#038;ssl=1\" class=\"attachment-post-thumbnail size-post-thumbnail wp-post-image\" alt=\"Smarthost Sp. z o.o. \u2013 Gold-Sponsor 2025\" style=\"width:100%;height:100%;object-fit:contain;\" srcset=\"https:\/\/i0.wp.com\/leipzig.wordcamp.org\/2025\/files\/2025\/02\/altumhost_logo_pod_www_na_biale.png?w=1024&amp;ssl=1 1024w, https:\/\/i0.wp.com\/leipzig.wordcamp.org\/2025\/files\/2025\/02\/altumhost_logo_pod_www_na_biale.png?resize=300%2C46&amp;ssl=1 300w, https:\/\/i0.wp.com\/leipzig.wordcamp.org\/2025\/files\/2025\/02\/altumhost_logo_pod_www_na_biale.png?resize=768%2C119&amp;ssl=1 768w, https:\/\/i0.wp.com\/leipzig.wordcamp.org\/2025\/files\/2025\/02\/altumhost_logo_pod_www_na_biale.png?resize=500%2C77&amp;ssl=1 500w\" sizes=\"auto, (max-width: 1000px) 100vw, 1000px\" \/><\/a><\/figure>\n<\/li><li class=\"wp-block-post post-577 wcb_sponsor type-wcb_sponsor status-publish has-post-thumbnail hentry wcb_sponsor_level-gold-sponsor\">\n<figure style=\"aspect-ratio:16\/9;\" class=\"wp-block-post-featured-image\"><a href=\"https:\/\/leipzig.wordcamp.org\/2025\/sponsor\/webgo-gmbh-gold-sponsor-2025\/\" target=\"_self\"  ><img data-recalc-dims=\"1\" loading=\"lazy\" decoding=\"async\" width=\"610\" height=\"146\" src=\"https:\/\/i0.wp.com\/leipzig.wordcamp.org\/2025\/files\/2025\/02\/webgo-logo-druck-wort-und-bild.png?resize=610%2C146&#038;ssl=1\" class=\"attachment-post-thumbnail size-post-thumbnail wp-post-image\" alt=\"webgo GmbH &#8211; Gold-Sponsor 2025\" style=\"width:100%;height:100%;object-fit:contain;\" srcset=\"https:\/\/i0.wp.com\/leipzig.wordcamp.org\/2025\/files\/2025\/02\/webgo-logo-druck-wort-und-bild.png?w=610&amp;ssl=1 610w, https:\/\/i0.wp.com\/leipzig.wordcamp.org\/2025\/files\/2025\/02\/webgo-logo-druck-wort-und-bild.png?resize=300%2C72&amp;ssl=1 300w, https:\/\/i0.wp.com\/leipzig.wordcamp.org\/2025\/files\/2025\/02\/webgo-logo-druck-wort-und-bild.png?resize=500%2C120&amp;ssl=1 500w\" sizes=\"auto, (max-width: 610px) 100vw, 610px\" \/><\/a><\/figure>\n<\/li><\/ul><\/div>\n\n\n\n<h2 class=\"wp-block-heading\">Silber-Sponsoren<\/h2>\n\n\n\n<div class=\"wp-block-query is-layout-flow wp-block-query-is-layout-flow\"><ul class=\"columns-3 wp-block-post-template is-layout-grid wp-container-core-post-template-is-layout-7e964c02 wp-block-post-template-is-layout-grid\"><li class=\"wp-block-post post-819 wcb_sponsor type-wcb_sponsor status-publish has-post-thumbnail hentry wcb_sponsor_level-silver-sponsor\">\n<figure style=\"aspect-ratio:16\/9;\" class=\"wp-block-post-featured-image\"><a href=\"https:\/\/leipzig.wordcamp.org\/2025\/sponsor\/camperstyle-de-camping-fuer-alle-die-mehr-erleben-wollen\/\" target=\"_self\"  ><img data-recalc-dims=\"1\" loading=\"lazy\" decoding=\"async\" width=\"5000\" height=\"4148\" src=\"https:\/\/i0.wp.com\/leipzig.wordcamp.org\/2025\/files\/2025\/03\/CamperStyle-Logo.png?resize=5000%2C4148&#038;ssl=1\" class=\"attachment-post-thumbnail size-post-thumbnail wp-post-image\" alt=\"CamperStyle.de \u2013 Camping f\u00fcr alle, die mehr erleben wollen\" style=\"width:100%;height:100%;object-fit:contain;\" srcset=\"https:\/\/i0.wp.com\/leipzig.wordcamp.org\/2025\/files\/2025\/03\/CamperStyle-Logo.png?w=5000&amp;ssl=1 5000w, https:\/\/i0.wp.com\/leipzig.wordcamp.org\/2025\/files\/2025\/03\/CamperStyle-Logo.png?resize=300%2C249&amp;ssl=1 300w, https:\/\/i0.wp.com\/leipzig.wordcamp.org\/2025\/files\/2025\/03\/CamperStyle-Logo.png?resize=1024%2C850&amp;ssl=1 1024w, https:\/\/i0.wp.com\/leipzig.wordcamp.org\/2025\/files\/2025\/03\/CamperStyle-Logo.png?resize=768%2C637&amp;ssl=1 768w, https:\/\/i0.wp.com\/leipzig.wordcamp.org\/2025\/files\/2025\/03\/CamperStyle-Logo.png?resize=362%2C300&amp;ssl=1 362w, https:\/\/i0.wp.com\/leipzig.wordcamp.org\/2025\/files\/2025\/03\/CamperStyle-Logo.png?resize=1536%2C1274&amp;ssl=1 1536w, https:\/\/i0.wp.com\/leipzig.wordcamp.org\/2025\/files\/2025\/03\/CamperStyle-Logo.png?resize=2048%2C1699&amp;ssl=1 2048w, https:\/\/i0.wp.com\/leipzig.wordcamp.org\/2025\/files\/2025\/03\/CamperStyle-Logo.png?w=3000&amp;ssl=1 3000w\" sizes=\"auto, (max-width: 1000px) 100vw, 1000px\" \/><\/a><\/figure>\n<\/li><li class=\"wp-block-post post-903 wcb_sponsor type-wcb_sponsor status-publish has-post-thumbnail hentry wcb_sponsor_level-silver-sponsor\">\n<figure style=\"aspect-ratio:16\/9;\" class=\"wp-block-post-featured-image\"><a href=\"https:\/\/leipzig.wordcamp.org\/2025\/sponsor\/omnisend\/\" target=\"_self\"  ><img data-recalc-dims=\"1\" loading=\"lazy\" decoding=\"async\" width=\"1172\" height=\"158\" src=\"https:\/\/i0.wp.com\/leipzig.wordcamp.org\/2025\/files\/2025\/04\/Omnisend-logo-black.png?resize=1172%2C158&#038;ssl=1\" class=\"attachment-post-thumbnail size-post-thumbnail wp-post-image\" alt=\"Omnisend\" style=\"width:100%;height:100%;object-fit:contain;\" srcset=\"https:\/\/i0.wp.com\/leipzig.wordcamp.org\/2025\/files\/2025\/04\/Omnisend-logo-black.png?w=1172&amp;ssl=1 1172w, https:\/\/i0.wp.com\/leipzig.wordcamp.org\/2025\/files\/2025\/04\/Omnisend-logo-black.png?resize=300%2C40&amp;ssl=1 300w, https:\/\/i0.wp.com\/leipzig.wordcamp.org\/2025\/files\/2025\/04\/Omnisend-logo-black.png?resize=1024%2C138&amp;ssl=1 1024w, https:\/\/i0.wp.com\/leipzig.wordcamp.org\/2025\/files\/2025\/04\/Omnisend-logo-black.png?resize=768%2C104&amp;ssl=1 768w, https:\/\/i0.wp.com\/leipzig.wordcamp.org\/2025\/files\/2025\/04\/Omnisend-logo-black.png?resize=500%2C67&amp;ssl=1 500w\" sizes=\"auto, (max-width: 1000px) 100vw, 1000px\" \/><\/a><\/figure>\n<\/li><\/ul><\/div>\n\n\n\n<h2 class=\"wp-block-heading\">Bronze-Sponsoren und Medienpartner<\/h2>\n\n\n\n<div class=\"wp-block-query is-layout-flow wp-block-query-is-layout-flow\"><ul class=\"columns-3 wp-block-post-template is-layout-grid wp-container-core-post-template-is-layout-7e964c02 wp-block-post-template-is-layout-grid\"><li class=\"wp-block-post post-506 wcb_sponsor type-wcb_sponsor status-publish has-post-thumbnail hentry wcb_sponsor_level-bronze-sponsor\">\n<figure style=\"aspect-ratio:16\/9;\" class=\"wp-block-post-featured-image\"><a href=\"https:\/\/leipzig.wordcamp.org\/2025\/sponsor\/elodis-media-gmbh\/\" target=\"_self\"  ><img data-recalc-dims=\"1\" loading=\"lazy\" decoding=\"async\" width=\"242\" height=\"60\" src=\"https:\/\/i0.wp.com\/leipzig.wordcamp.org\/2025\/files\/2025\/01\/logo-elodis.png?resize=242%2C60&#038;ssl=1\" class=\"attachment-post-thumbnail size-post-thumbnail wp-post-image\" alt=\"ELODIS Media GmbH\" style=\"width:100%;height:100%;object-fit:contain;\" \/><\/a><\/figure>\n<\/li><li class=\"wp-block-post post-817 wcb_sponsor type-wcb_sponsor status-publish has-post-thumbnail hentry wcb_sponsor_level-bronze-sponsor\">\n<figure style=\"aspect-ratio:16\/9;\" class=\"wp-block-post-featured-image\"><a href=\"https:\/\/leipzig.wordcamp.org\/2025\/sponsor\/matthias-haltenhof-fotografie\/\" target=\"_self\"  ><img data-recalc-dims=\"1\" loading=\"lazy\" decoding=\"async\" width=\"718\" height=\"130\" src=\"https:\/\/i0.wp.com\/leipzig.wordcamp.org\/2025\/files\/2025\/04\/logo-matthias-haltenhof.jpg?resize=718%2C130&#038;ssl=1\" class=\"attachment-post-thumbnail size-post-thumbnail wp-post-image\" alt=\"Matthias Haltenhof Fotografie\" style=\"width:100%;height:100%;object-fit:contain;\" srcset=\"https:\/\/i0.wp.com\/leipzig.wordcamp.org\/2025\/files\/2025\/04\/logo-matthias-haltenhof.jpg?w=718&amp;ssl=1 718w, https:\/\/i0.wp.com\/leipzig.wordcamp.org\/2025\/files\/2025\/04\/logo-matthias-haltenhof.jpg?resize=300%2C54&amp;ssl=1 300w, https:\/\/i0.wp.com\/leipzig.wordcamp.org\/2025\/files\/2025\/04\/logo-matthias-haltenhof.jpg?resize=500%2C91&amp;ssl=1 500w\" sizes=\"auto, (max-width: 718px) 100vw, 718px\" \/><\/a><\/figure>\n<\/li><li class=\"wp-block-post post-435 wcb_sponsor type-wcb_sponsor status-publish has-post-thumbnail hentry wcb_sponsor_level-bronze-sponsor\">\n<figure style=\"aspect-ratio:16\/9;\" class=\"wp-block-post-featured-image\"><a href=\"https:\/\/leipzig.wordcamp.org\/2025\/sponsor\/stickermule\/\" target=\"_self\"  ><img data-recalc-dims=\"1\" loading=\"lazy\" decoding=\"async\" width=\"1320\" height=\"450\" src=\"https:\/\/i0.wp.com\/leipzig.wordcamp.org\/2025\/files\/2025\/01\/01-sticker-mule-logo-dark.png?resize=1320%2C450&#038;ssl=1\" class=\"attachment-post-thumbnail size-post-thumbnail wp-post-image\" alt=\"Stickermule\" style=\"width:100%;height:100%;object-fit:contain;\" srcset=\"https:\/\/i0.wp.com\/leipzig.wordcamp.org\/2025\/files\/2025\/01\/01-sticker-mule-logo-dark.png?w=1320&amp;ssl=1 1320w, https:\/\/i0.wp.com\/leipzig.wordcamp.org\/2025\/files\/2025\/01\/01-sticker-mule-logo-dark.png?resize=300%2C102&amp;ssl=1 300w, https:\/\/i0.wp.com\/leipzig.wordcamp.org\/2025\/files\/2025\/01\/01-sticker-mule-logo-dark.png?resize=1024%2C349&amp;ssl=1 1024w, https:\/\/i0.wp.com\/leipzig.wordcamp.org\/2025\/files\/2025\/01\/01-sticker-mule-logo-dark.png?resize=768%2C262&amp;ssl=1 768w, https:\/\/i0.wp.com\/leipzig.wordcamp.org\/2025\/files\/2025\/01\/01-sticker-mule-logo-dark.png?resize=500%2C170&amp;ssl=1 500w\" sizes=\"auto, (max-width: 1000px) 100vw, 1000px\" \/><\/a><\/figure>\n<\/li><li class=\"wp-block-post post-760 wcb_sponsor type-wcb_sponsor status-publish has-post-thumbnail hentry wcb_sponsor_level-bronze-sponsor\">\n<figure style=\"aspect-ratio:16\/9;\" class=\"wp-block-post-featured-image\"><a href=\"https:\/\/leipzig.wordcamp.org\/2025\/sponsor\/ultracolor\/\" target=\"_self\"  ><img data-recalc-dims=\"1\" loading=\"lazy\" decoding=\"async\" width=\"440\" height=\"113\" src=\"https:\/\/i0.wp.com\/leipzig.wordcamp.org\/2025\/files\/2025\/04\/werbeagentur-webdesign-seo-neubrandenburg-ultracolor-logo-1.png?resize=440%2C113&#038;ssl=1\" class=\"attachment-post-thumbnail size-post-thumbnail wp-post-image\" alt=\"ultracolor\" style=\"width:100%;height:100%;object-fit:contain;\" srcset=\"https:\/\/i0.wp.com\/leipzig.wordcamp.org\/2025\/files\/2025\/04\/werbeagentur-webdesign-seo-neubrandenburg-ultracolor-logo-1.png?w=440&amp;ssl=1 440w, https:\/\/i0.wp.com\/leipzig.wordcamp.org\/2025\/files\/2025\/04\/werbeagentur-webdesign-seo-neubrandenburg-ultracolor-logo-1.png?resize=300%2C77&amp;ssl=1 300w\" sizes=\"auto, (max-width: 440px) 100vw, 440px\" \/><\/a><\/figure>\n<\/li><\/ul><\/div>\n\n\n\n<h2 class=\"wp-block-heading\">Sind Sie daran interessiert, das WordCamp dieses Jahr zu sponsern?<\/h2>\n\n\n\n<p class=\"wp-block-paragraph\">Schauen Sie sich unseren <a href=\"https:\/\/leipzig.wordcamp.org\/2025\/wordcamp-leipzig-2025-call-for-sponsors\/\" data-type=\"post\" data-id=\"4\">Aufruf f\u00fcr Sponsoren<\/a> an, um zu erfahren, wie Sie dazu beitragen k\u00f6nnen, dass das diesj\u00e4hrige WordCamp so gut wie m\u00f6glich wird!<\/p>\n","protected":false},"excerpt":{"rendered":"<p>Globale Sponsoren Gold-Sponsoren Silber-Sponsoren Bronze-Sponsoren und Medienpartner Sind Sie daran interessiert, das WordCamp dieses Jahr zu sponsern? Schauen Sie sich unseren Aufruf f\u00fcr Sponsoren an, um zu erfahren, wie Sie dazu beitragen k\u00f6nnen, dass das diesj\u00e4hrige WordCamp so gut wie m\u00f6glich wird!<\/p>\n","protected":false},"author":13587830,"featured_media":0,"parent":0,"menu_order":0,"comment_status":"closed","ping_status":"closed","template":"","meta":{"_crdt_document":"","advanced_seo_description":"","jetpack_seo_html_title":"","jetpack_seo_noindex":false,"jetpack_post_was_ever_published":false,"footnotes":""},"class_list":["post-10","page","type-page","status-publish","hentry"],"jetpack_sharing_enabled":true,"jetpack_likes_enabled":true,"_links":{"self":[{"href":"https:\/\/leipzig.wordcamp.org\/2025\/wp-json\/wp\/v2\/pages\/10","targetHints":{"allow":["GET"]}}],"collection":[{"href":"https:\/\/leipzig.wordcamp.org\/2025\/wp-json\/wp\/v2\/pages"}],"about":[{"href":"https:\/\/leipzig.wordcamp.org\/2025\/wp-json\/wp\/v2\/types\/page"}],"author":[{"embeddable":true,"href":"https:\/\/leipzig.wordcamp.org\/2025\/wp-json\/wp\/v2\/users\/13587830"}],"replies":[{"embeddable":true,"href":"https:\/\/leipzig.wordcamp.org\/2025\/wp-json\/wp\/v2\/comments?post=10"}],"version-history":[{"count":8,"href":"https:\/\/leipzig.wordcamp.org\/2025\/wp-json\/wp\/v2\/pages\/10\/revisions"}],"predecessor-version":[{"id":661,"href":"https:\/\/leipzig.wordcamp.org\/2025\/wp-json\/wp\/v2\/pages\/10\/revisions\/661"}],"wp:attachment":[{"href":"https:\/\/leipzig.wordcamp.org\/2025\/wp-json\/wp\/v2\/media?parent=10"}],"curies":[{"name":"wp","href":"https:\/\/api.w.org\/{rel}","templated":true}]}}