{"id":8,"date":"2023-12-29T10:58:56","date_gmt":"2023-12-29T09:58:56","guid":{"rendered":"https:\/\/leipzig.wordcamp.org\/2024\/speakers\/"},"modified":"2024-02-09T10:30:32","modified_gmt":"2024-02-09T09:30:32","slug":"vortragende","status":"publish","type":"page","link":"https:\/\/leipzig.wordcamp.org\/2024\/vortragende\/","title":{"rendered":"Vortragende"},"content":{"rendered":"\n<p>Ohne Menschen mit tollen Inhalten ist ein WordCamp kein WordCamp. Wenn Ihr ein spannendes Thema habt und dieses auf unserem Event zum Besten geben m\u00f6gt, dann meldet euch! Weiter werden wir zuk\u00fcnftig feststehende Vort\u00e4ge bzw. die Personen hinter den Themen pr\u00e4sentieren.<\/p>\n\n\n<ul class=\"wordcamp-block wordcamp-post-list has-layout-list wordcamp-speakers\"><li class=\"wordcamp-post-list__post wordcamp-clearfix\">\n<div class=\"wordcamp-speaker wordcamp-speakers__post slug-bernhard-kau\">\n\t<h3 class=\"wordcamp-block__item-title wordcamp-speakers__title\"><a href=\"https:\/\/leipzig.wordcamp.org\/2024\/speaker\/bernhard-kau\/\">Bernhard Kau<\/a><\/h3>\n\t\t\t<div class=\"wordcamp-image__avatar-container align-none\">\n\t\t\t<a href=\"https:\/\/leipzig.wordcamp.org\/2024\/speaker\/bernhard-kau\/\" class=\"wordcamp-image__avatar-link\">\n\t\t\t\t<img decoding=\"async\" src=\"https:\/\/secure.gravatar.com\/avatar\/a3d65dbb7c58b7892c698cf0dc222f33f6cd231c13196f29a067dedd4d7e529c?s=150&amp;d=mm&amp;r=g\" alt=\"Avatar von Bernhard Kau\" \/>\t\t\t<\/a>\n\t\t<\/div>\n\t\n\t\t\t<div class=\"wordcamp-block__item-content wordcamp-speakers__content is-full\"><p>Bernhards Weg in die WordPress Community begann 2009 mit seinem ersten Plugin. Sein erstes WordCamp besucht hat er 2010 in Berlin und zwei Jahre danach war er Co-Organizer in Berlin. Seitdem hat es viele WordCamps in Europa mitorganisiert und ist auch einer der Co-Organizer des WP Meetup Berlin. Wenn man ihn nicht gerade auf einem WordCamp irgendwo auf der Welt trifft, kann man alle zwei Wochen einen neuen Beitrag\u00a0<a href=\"https:\/\/kau-boys.de\/\" target=\"_blank\" rel=\"noreferrer noopener\">in seinem Blog<\/a>\u00a0lesen.<\/p>\n<\/div>\t\n\t<\/div>\n\n<\/li><li class=\"wordcamp-post-list__post wordcamp-clearfix\">\n<div class=\"wordcamp-speaker wordcamp-speakers__post slug-birgit-pauli-haack\">\n\t<h3 class=\"wordcamp-block__item-title wordcamp-speakers__title\"><a href=\"https:\/\/leipzig.wordcamp.org\/2024\/speaker\/birgit-pauli-haack\/\">Birgit Pauli-Haack<\/a><\/h3>\n\t\t\t<div class=\"wordcamp-image__avatar-container align-none\">\n\t\t\t<a href=\"https:\/\/leipzig.wordcamp.org\/2024\/speaker\/birgit-pauli-haack\/\" class=\"wordcamp-image__avatar-link\">\n\t\t\t\t<img decoding=\"async\" src=\"https:\/\/secure.gravatar.com\/avatar\/a7873a730eebbbf667e941eaefba2f3f16ee7fe49a5661507569ada7f46b94dc?s=150&amp;d=mm&amp;r=g\" alt=\"Avatar von Birgit Pauli-Haack\" \/>\t\t\t<\/a>\n\t\t<\/div>\n\t\n\t\t\t<div class=\"wordcamp-block__item-content wordcamp-speakers__content is-full\"><p>Birgit Pauli-Haack ist die Herausgeberin von <a href=\"https:\/\/gutenbergtimes.com\/\" target=\"_blank\" rel=\"noreferrer noopener\">Gutenberg Times (englisch)<\/a>, einer Website mit Neuigkeiten rund um den WordPress-Block-Editor und dar\u00fcber hinaus. Sie moderiert regelm\u00e4\u00dfig Gutenberg Live Q &amp; As auf <a href=\"https:\/\/www.youtube.com\/@GutenbergTimes\" target=\"_blank\" rel=\"noreferrer noopener\">YouTube<\/a> und ist Gastgeberin des <a href=\"https:\/\/wppodcasts.com\/podcast\/gutenberg-changelog\/\" target=\"_blank\" rel=\"noreferrer noopener\">Podcasts Gutenberg Changelog<\/a>. Birgit Pauli-Haack tr\u00e4gt seit 2014 zum WordPress-Open-Source-Projekt bei und arbeitet jetzt hauptberuflich daran, unterst\u00fctzt von Automattic.<\/p>\n<\/div>\t\n\t<\/div>\n\n<\/li><li class=\"wordcamp-post-list__post wordcamp-clearfix\">\n<div class=\"wordcamp-speaker wordcamp-speakers__post slug-christopher-kurth\">\n\t<h3 class=\"wordcamp-block__item-title wordcamp-speakers__title\"><a href=\"https:\/\/leipzig.wordcamp.org\/2024\/speaker\/christopher-kurth\/\">Christopher Kurth<\/a><\/h3>\n\t\t\t<div class=\"wordcamp-image__avatar-container align-none\">\n\t\t\t<a href=\"https:\/\/leipzig.wordcamp.org\/2024\/speaker\/christopher-kurth\/\" class=\"wordcamp-image__avatar-link\">\n\t\t\t\t<img decoding=\"async\" src=\"https:\/\/secure.gravatar.com\/avatar\/38160625338850d12d1fdf8abf24c11f2d0ecfca7e682c3f240b87964e1c15b9?s=150&amp;d=mm&amp;r=g\" alt=\"Avatar von Christopher Kurth\" \/>\t\t\t<\/a>\n\t\t<\/div>\n\t\n\t\t\t<div class=\"wordcamp-block__item-content wordcamp-speakers__content is-full\"><p>Das erste WordCamp besuchte er 2014 in Z\u00fcrich und ist seit dem vollends in die WP Community eingetaucht. <a href=\"https:\/\/hejchris.de\/\">Christopher Kurth<\/a>s erste Ber\u00fchrung mit WordPress machte er bereits 2006 und entwickelt jetzt auch f\u00fcr Kunden WordPress Webseiten. Christopher ist Orga\u00adnisator des WP Meetups in Jena.<\/p>\n<\/div>\t\n\t<\/div>\n\n<\/li><li class=\"wordcamp-post-list__post wordcamp-clearfix\">\n<div class=\"wordcamp-speaker wordcamp-speakers__post slug-gordon-boehme\">\n\t<h3 class=\"wordcamp-block__item-title wordcamp-speakers__title\"><a href=\"https:\/\/leipzig.wordcamp.org\/2024\/speaker\/gordon-boehme\/\">Gordon B\u00f6hme<\/a><\/h3>\n\t\t\t<div class=\"wordcamp-image__avatar-container align-none\">\n\t\t\t<a href=\"https:\/\/leipzig.wordcamp.org\/2024\/speaker\/gordon-boehme\/\" class=\"wordcamp-image__avatar-link\">\n\t\t\t\t<img decoding=\"async\" src=\"https:\/\/secure.gravatar.com\/avatar\/c24d034bb697cf9c7d9b960e062caeb97d121020454d4265748575ecc8a1f250?s=150&amp;d=mm&amp;r=g\" alt=\"Avatar von Gordon B\u00f6hme\" \/>\t\t\t<\/a>\n\t\t<\/div>\n\t\n\t\t\t<div class=\"wordcamp-block__item-content wordcamp-speakers__content is-full\"><p>Gordon B\u00f6hme ist Gr\u00fcnder und Gesch\u00e4ftsf\u00fchrer mehrerer Unternehmen. Er besch\u00e4ftigt sich haupts\u00e4chlich mit Themen im Bereich SEO, ist u.a. Herausgeber des <a href=\"https:\/\/wpsc-plugin.de\/\" target=\"_blank\" rel=\"noreferrer noopener\">WordPress WPSC-Plugins<\/a> und veranstaltet das <a href=\"https:\/\/www.meetup.com\/de-DE\/halle-wordpress-meetup\/\" target=\"_blank\" rel=\"noreferrer noopener\">WordPress-Meetup Halle<\/a> mit.<\/p>\n<\/div>\t\n\t<\/div>\n\n<\/li><li class=\"wordcamp-post-list__post wordcamp-clearfix\">\n<div class=\"wordcamp-speaker wordcamp-speakers__post slug-hans-gerd-gerhards\">\n\t<h3 class=\"wordcamp-block__item-title wordcamp-speakers__title\"><a href=\"https:\/\/leipzig.wordcamp.org\/2024\/speaker\/hans-gerd-gerhards\/\">Hans-Gerd Gerhards<\/a><\/h3>\n\t\t\t<div class=\"wordcamp-image__avatar-container align-none\">\n\t\t\t<a href=\"https:\/\/leipzig.wordcamp.org\/2024\/speaker\/hans-gerd-gerhards\/\" class=\"wordcamp-image__avatar-link\">\n\t\t\t\t<img decoding=\"async\" src=\"https:\/\/secure.gravatar.com\/avatar\/ab62eb42e842b6adca897024806bbf5eaebe9896ac46f2d6823973e6d9d27d42?s=150&amp;d=mm&amp;r=g\" alt=\"Avatar von Hans-Gerd Gerhards\" \/>\t\t\t<\/a>\n\t\t<\/div>\n\t\n\t\t\t<div class=\"wordcamp-block__item-content wordcamp-speakers__content is-full\"><p>Hans-Gerd erstellt Websites seit ca. 20 Jahren. Angefangen hat er mit dem Projekt\u00a0<a href=\"http:\/\/aachenerkinder.de\/\" target=\"_blank\" rel=\"noreferrer noopener\">aachenerkinder.de<\/a>, das 2015 von einem selbst entwickelten CMS auf WordPress portiert wurde. Er schreibt regelm\u00e4\u00dfig Beitr\u00e4ge rund um WordPress auf\u00a0<a href=\"http:\/\/haurand.com\/\" target=\"_blank\" rel=\"noreferrer noopener\">haurand.com<\/a>, entwickelt WordPress-Websites f\u00fcr\u00a0Kundinnen und Kunden, ist aktiv in der deutschsprachigen Community (u.\u00a0a. als Moderator im deutschsprachigen WordPress Support-Forum) sowie Organisator des WordPress Meetup S\u00fcdsauerland.<\/p>\n<\/div>\t\n\t<\/div>\n\n<\/li><li class=\"wordcamp-post-list__post wordcamp-clearfix\">\n<div class=\"wordcamp-speaker wordcamp-speakers__post slug-johannes-mairhofer\">\n\t<h3 class=\"wordcamp-block__item-title wordcamp-speakers__title\"><a href=\"https:\/\/leipzig.wordcamp.org\/2024\/speaker\/johannes-mairhofer\/\">Johannes Mairhofer<\/a><\/h3>\n\t\t\t<div class=\"wordcamp-image__avatar-container align-none\">\n\t\t\t<a href=\"https:\/\/leipzig.wordcamp.org\/2024\/speaker\/johannes-mairhofer\/\" class=\"wordcamp-image__avatar-link\">\n\t\t\t\t<img decoding=\"async\" src=\"https:\/\/secure.gravatar.com\/avatar\/d2f476f64106206f1e5e681605b654487dcef9f31a2c2f93795d7371a382f91e?s=150&amp;d=mm&amp;r=g\" alt=\"Avatar von Johannes Mairhofer\" \/>\t\t\t<\/a>\n\t\t<\/div>\n\t\n\t\t\t<div class=\"wordcamp-block__item-content wordcamp-speakers__content is-full\"><p>Johannes Mairhofer ist Freiberufler und hilft seinen Kund*innen dabei, WordPress zu verstehen und anzuwenden. Sein Wissen gibt er im <a href=\"https:\/\/johannesmairhofer.de\/nerdcafe\/\" data-type=\"link\" data-id=\"https:\/\/johannesmairhofer.de\/nerdcafe\/\">nerdcafe Podcast<\/a> und mit 1:1 Trainings, Workshops, Inhouse-Schulungen, Vortr\u00e4gen wie diesem gerne weiter. Er ber\u00e4t und unterst\u00fctzt mit seinem Team bei allem rund um WordPress, Hosting und Webdesign.<\/p>\n<\/div>\t\n\t<\/div>\n\n<\/li><li class=\"wordcamp-post-list__post wordcamp-clearfix\">\n<div class=\"wordcamp-speaker wordcamp-speakers__post slug-patrick-posner\">\n\t<h3 class=\"wordcamp-block__item-title wordcamp-speakers__title\"><a href=\"https:\/\/leipzig.wordcamp.org\/2024\/speaker\/patrick-posner\/\">Patrick Posner<\/a><\/h3>\n\t\t\t<div class=\"wordcamp-image__avatar-container align-none\">\n\t\t\t<a href=\"https:\/\/leipzig.wordcamp.org\/2024\/speaker\/patrick-posner\/\" class=\"wordcamp-image__avatar-link\">\n\t\t\t\t<img decoding=\"async\" src=\"https:\/\/secure.gravatar.com\/avatar\/1e6c8b99a69730f6286245858c3a70c61200e7973d3148c2d425c000ffc09ea1?s=150&amp;d=mm&amp;r=g\" alt=\"Avatar von Patrick Posner\" \/>\t\t\t<\/a>\n\t\t<\/div>\n\t\n\t\t\t<div class=\"wordcamp-block__item-content wordcamp-speakers__content is-full\"><p>Patrick ist Gr\u00fcnder und Lead-Entwickler hinter <a href=\"https:\/\/simplystatic.com\/\" target=\"_blank\" rel=\"noreferrer noopener\">Simply Static<\/a> &#8211; einem Static Site Generator f\u00fcr WordPress.<\/p>\n<p>Er ist au\u00dferdem der Co-Gr\u00fcnder von <a href=\"https:\/\/olliewp.com\/\" target=\"_blank\" rel=\"noreferrer noopener\">OllieWP<\/a> &#8211; wo er sich mit Allem besch\u00e4ftigt was die neue Welt von WordPress ausmacht (Blocks, FSE, React..).<\/p>\n<p>Ihr trefft ihn auf verschiedenen WordCamps (WCEU 2024 z.B.) oder auf <a href=\"https:\/\/twitter.com\/patrickposner_\" target=\"_blank\" rel=\"noreferrer noopener\">Twitter\/X<\/a>.<\/p>\n<\/div>\t\n\t<\/div>\n\n<\/li><li class=\"wordcamp-post-list__post wordcamp-clearfix\">\n<div class=\"wordcamp-speaker wordcamp-speakers__post slug-simon-kraft\">\n\t<h3 class=\"wordcamp-block__item-title wordcamp-speakers__title\"><a href=\"https:\/\/leipzig.wordcamp.org\/2024\/speaker\/simon-kraft\/\">Simon Kraft<\/a><\/h3>\n\t\t\t<div class=\"wordcamp-image__avatar-container align-none\">\n\t\t\t<a href=\"https:\/\/leipzig.wordcamp.org\/2024\/speaker\/simon-kraft\/\" class=\"wordcamp-image__avatar-link\">\n\t\t\t\t<img decoding=\"async\" src=\"https:\/\/secure.gravatar.com\/avatar\/5c70c8457ca931d6aeed65b8c65e68aa5e12b0e742334c2c2e233affe2f193f3?s=150&amp;d=mm&amp;r=g\" alt=\"Avatar von Simon Kraft\" \/>\t\t\t<\/a>\n\t\t<\/div>\n\t\n\t\t\t<div class=\"wordcamp-block__item-content wordcamp-speakers__content is-full\"><p>Simon ist seit 2008 ein begeisterter <a href=\"https:\/\/simonkraft.de\/\" data-type=\"link\" data-id=\"https:\/\/simonkraft.de\/\" target=\"_blank\" rel=\"noreferrer noopener\">WordPress-Nutzer<\/a>. Er arbeitet als Product Owner und schreibt Blogbeitr\u00e4ge, Newsletter und spricht in Podcasts \u00fcber WordPress. Er ist ein aktives Community-Mitglied in Deutschland und Europa und verbringt viel Zeit mit der Organisation von Meetups und dem Unterst\u00fctzen der Community.<\/p>\n<\/div>\t\n\t<\/div>\n\n<\/li><\/ul>","protected":false},"excerpt":{"rendered":"<p>Ohne Menschen mit tollen Inhalten ist ein WordCamp kein WordCamp. Wenn Ihr ein spannendes Thema habt und dieses auf unserem Event zum Besten geben m\u00f6gt, dann meldet euch! Weiter werden wir zuk\u00fcnftig feststehende Vort\u00e4ge bzw. die Personen hinter den Themen pr\u00e4sentieren.<\/p>\n","protected":false},"author":20917600,"featured_media":0,"parent":0,"menu_order":0,"comment_status":"closed","ping_status":"closed","template":"","meta":{"advanced_seo_description":"","jetpack_seo_html_title":"","jetpack_seo_noindex":false,"jetpack_post_was_ever_published":false,"footnotes":""},"class_list":["post-8","page","type-page","status-publish","hentry"],"jetpack_sharing_enabled":true,"jetpack_likes_enabled":true,"jetpack-related-posts":[],"_links":{"self":[{"href":"https:\/\/leipzig.wordcamp.org\/2024\/wp-json\/wp\/v2\/pages\/8","targetHints":{"allow":["GET"]}}],"collection":[{"href":"https:\/\/leipzig.wordcamp.org\/2024\/wp-json\/wp\/v2\/pages"}],"about":[{"href":"https:\/\/leipzig.wordcamp.org\/2024\/wp-json\/wp\/v2\/types\/page"}],"author":[{"embeddable":true,"href":"https:\/\/leipzig.wordcamp.org\/2024\/wp-json\/wp\/v2\/users\/20917600"}],"replies":[{"embeddable":true,"href":"https:\/\/leipzig.wordcamp.org\/2024\/wp-json\/wp\/v2\/comments?post=8"}],"version-history":[{"count":2,"href":"https:\/\/leipzig.wordcamp.org\/2024\/wp-json\/wp\/v2\/pages\/8\/revisions"}],"predecessor-version":[{"id":152,"href":"https:\/\/leipzig.wordcamp.org\/2024\/wp-json\/wp\/v2\/pages\/8\/revisions\/152"}],"wp:attachment":[{"href":"https:\/\/leipzig.wordcamp.org\/2024\/wp-json\/wp\/v2\/media?parent=8"}],"curies":[{"name":"wp","href":"https:\/\/api.w.org\/{rel}","templated":true}]}}