{"id":10,"date":"2023-12-29T10:58:56","date_gmt":"2023-12-29T09:58:56","guid":{"rendered":"https:\/\/leipzig.wordcamp.org\/2024\/sponsors\/"},"modified":"2024-04-11T13:31:27","modified_gmt":"2024-04-11T11:31:27","slug":"sponsoren","status":"publish","type":"page","link":"https:\/\/leipzig.wordcamp.org\/2024\/sponsoren\/","title":{"rendered":"Sponsoren"},"content":{"rendered":"\n<p>Das WordCamp Leipzig wird durch diese lokalen sowie globalen Unterst\u00fctzer m\u00f6glich!<\/p>\n\n\n\n<h2 class=\"wp-block-heading\">Unterst\u00fctzer<\/h2>\n\n\n\n<p>Unsere lokalen Sponsoren haben uns insbesondere mit Hilfestellungen unterst\u00fctzt!<\/p>\n\n\n<ul class=\"wordcamp-block wordcamp-post-list has-layout-list wordcamp-sponsors\"><li class=\"wordcamp-post-list__post wordcamp-clearfix\">\n<div class=\"wordcamp-sponsor wordcamp-sponsors__post slug-one-com\">\n\t\t\t<h3 class=\"wordcamp-block__item-title wordcamp-sponsors__title\"><a href=\"https:\/\/leipzig.wordcamp.org\/2024\/sponsor\/one-com\/\">one.com<\/a><\/h3>\t\n\t\t\t<div class=\"wordcamp-image__featured-image-container wordcamp-sponsors__featured-image wordcamp-sponsors__logo align-none\"><a href=\"https:\/\/leipzig.wordcamp.org\/2024\/sponsor\/one-com\/\" class=\"wordcamp-image__featured-image-link\"><img loading=\"lazy\" decoding=\"async\" width=\"258\" height=\"258\" src=\"https:\/\/i0.wp.com\/leipzig.wordcamp.org\/2024\/files\/2024\/03\/one.com_.inner_.dot%401x.png?fit=258%2C258&amp;ssl=1\" class=\"wordcamp-image__featured-image wp-post-image\" alt=\"\" \/><\/a><\/div>\t\n\t<\/div>\n\n<\/li><\/ul>\n\n\n<h2 class=\"wp-block-heading\">Globale Gold-Unterst\u00fctzer<\/h2>\n\n\n\n<p>Wir danken unseren globalen Sponsoren im Goldlevel.<\/p>\n\n\n<ul class=\"wordcamp-block wordcamp-post-list has-layout-list wordcamp-sponsors\"><li class=\"wordcamp-post-list__post wordcamp-clearfix\">\n<div class=\"wordcamp-sponsor wordcamp-sponsors__post slug-automattic\">\n\t\t\t<h3 class=\"wordcamp-block__item-title wordcamp-sponsors__title\"><a href=\"https:\/\/leipzig.wordcamp.org\/2024\/sponsor\/automattic\/\">Automattic<\/a><\/h3>\t\n\t\t\t<div class=\"wordcamp-image__featured-image-container wordcamp-sponsors__featured-image wordcamp-sponsors__logo align-none\"><a href=\"https:\/\/leipzig.wordcamp.org\/2024\/sponsor\/automattic\/\" class=\"wordcamp-image__featured-image-link\"><img loading=\"lazy\" decoding=\"async\" width=\"600\" height=\"200\" src=\"https:\/\/i0.wp.com\/leipzig.wordcamp.org\/2024\/files\/2023\/12\/automattic-logotype-color.png?fit=600%2C200&amp;ssl=1\" class=\"wordcamp-image__featured-image wp-post-image\" alt=\"\" srcset=\"https:\/\/i0.wp.com\/leipzig.wordcamp.org\/2024\/files\/2023\/12\/automattic-logotype-color.png?w=1297&amp;ssl=1 1297w, https:\/\/i0.wp.com\/leipzig.wordcamp.org\/2024\/files\/2023\/12\/automattic-logotype-color.png?resize=300%2C100&amp;ssl=1 300w, https:\/\/i0.wp.com\/leipzig.wordcamp.org\/2024\/files\/2023\/12\/automattic-logotype-color.png?resize=1024%2C341&amp;ssl=1 1024w, https:\/\/i0.wp.com\/leipzig.wordcamp.org\/2024\/files\/2023\/12\/automattic-logotype-color.png?resize=768%2C256&amp;ssl=1 768w, https:\/\/i0.wp.com\/leipzig.wordcamp.org\/2024\/files\/2023\/12\/automattic-logotype-color.png?resize=500%2C167&amp;ssl=1 500w\" sizes=\"auto, (max-width: 600px) 100vw, 600px\" \/><\/a><\/div>\t\n\t<\/div>\n\n<\/li><li class=\"wordcamp-post-list__post wordcamp-clearfix\">\n<div class=\"wordcamp-sponsor wordcamp-sponsors__post slug-bluehost\">\n\t\t\t<h3 class=\"wordcamp-block__item-title wordcamp-sponsors__title\"><a href=\"https:\/\/leipzig.wordcamp.org\/2024\/sponsor\/bluehost\/\">Bluehost<\/a><\/h3>\t\n\t\t\t<div class=\"wordcamp-image__featured-image-container wordcamp-sponsors__featured-image wordcamp-sponsors__logo align-none\"><a href=\"https:\/\/leipzig.wordcamp.org\/2024\/sponsor\/bluehost\/\" class=\"wordcamp-image__featured-image-link\"><img loading=\"lazy\" decoding=\"async\" width=\"600\" height=\"126\" src=\"https:\/\/i0.wp.com\/leipzig.wordcamp.org\/2024\/files\/2023\/12\/bh_logo_2015.png?fit=600%2C126&amp;ssl=1\" class=\"wordcamp-image__featured-image wp-post-image\" alt=\"\" srcset=\"https:\/\/i0.wp.com\/leipzig.wordcamp.org\/2024\/files\/2023\/12\/bh_logo_2015.png?w=651&amp;ssl=1 651w, https:\/\/i0.wp.com\/leipzig.wordcamp.org\/2024\/files\/2023\/12\/bh_logo_2015.png?resize=300%2C63&amp;ssl=1 300w, https:\/\/i0.wp.com\/leipzig.wordcamp.org\/2024\/files\/2023\/12\/bh_logo_2015.png?resize=500%2C105&amp;ssl=1 500w\" sizes=\"auto, (max-width: 600px) 100vw, 600px\" \/><\/a><\/div>\t\n\t<\/div>\n\n<\/li><li class=\"wordcamp-post-list__post wordcamp-clearfix\">\n<div class=\"wordcamp-sponsor wordcamp-sponsors__post slug-godaddy\">\n\t\t\t<h3 class=\"wordcamp-block__item-title wordcamp-sponsors__title\"><a href=\"https:\/\/leipzig.wordcamp.org\/2024\/sponsor\/godaddy\/\">GoDaddy<\/a><\/h3>\t\n\t\t\t<div class=\"wordcamp-image__featured-image-container wordcamp-sponsors__featured-image wordcamp-sponsors__logo align-none\"><a href=\"https:\/\/leipzig.wordcamp.org\/2024\/sponsor\/godaddy\/\" class=\"wordcamp-image__featured-image-link\"><img loading=\"lazy\" decoding=\"async\" width=\"480\" height=\"360\" src=\"https:\/\/i0.wp.com\/leipzig.wordcamp.org\/2024\/files\/2023\/12\/Copy-of-gd-logo-480x360-1.png?fit=480%2C360&amp;ssl=1\" class=\"wordcamp-image__featured-image wp-post-image\" alt=\"\" srcset=\"https:\/\/i0.wp.com\/leipzig.wordcamp.org\/2024\/files\/2023\/12\/Copy-of-gd-logo-480x360-1.png?w=480&amp;ssl=1 480w, https:\/\/i0.wp.com\/leipzig.wordcamp.org\/2024\/files\/2023\/12\/Copy-of-gd-logo-480x360-1.png?resize=300%2C225&amp;ssl=1 300w, https:\/\/i0.wp.com\/leipzig.wordcamp.org\/2024\/files\/2023\/12\/Copy-of-gd-logo-480x360-1.png?resize=400%2C300&amp;ssl=1 400w\" sizes=\"auto, (max-width: 480px) 100vw, 480px\" \/><\/a><\/div>\t\n\t<\/div>\n\n<\/li><li class=\"wordcamp-post-list__post wordcamp-clearfix\">\n<div class=\"wordcamp-sponsor wordcamp-sponsors__post slug-woocommerce\">\n\t\t\t<h3 class=\"wordcamp-block__item-title wordcamp-sponsors__title\"><a href=\"https:\/\/leipzig.wordcamp.org\/2024\/sponsor\/woocommerce\/\">Woo<\/a><\/h3>\t\n\t\t\t<div class=\"wordcamp-image__featured-image-container wordcamp-sponsors__featured-image wordcamp-sponsors__logo align-none\"><a href=\"https:\/\/leipzig.wordcamp.org\/2024\/sponsor\/woocommerce\/\" class=\"wordcamp-image__featured-image-link\"><img loading=\"lazy\" decoding=\"async\" width=\"600\" height=\"139\" src=\"https:\/\/i0.wp.com\/leipzig.wordcamp.org\/2024\/files\/2023\/12\/Copy-of-woocommerce-logo-color-black%402x-2.png?fit=600%2C139&amp;ssl=1\" class=\"wordcamp-image__featured-image wp-post-image\" alt=\"\" \/><\/a><\/div>\t\n\t<\/div>\n\n<\/li><li class=\"wordcamp-post-list__post wordcamp-clearfix\">\n<div class=\"wordcamp-sponsor wordcamp-sponsors__post slug-wpbeginner\">\n\t\t\t<h3 class=\"wordcamp-block__item-title wordcamp-sponsors__title\"><a href=\"https:\/\/leipzig.wordcamp.org\/2024\/sponsor\/wpbeginner\/\">WPBeginner<\/a><\/h3>\t\n\t\t\t<div class=\"wordcamp-image__featured-image-container wordcamp-sponsors__featured-image wordcamp-sponsors__logo align-none\"><a href=\"https:\/\/leipzig.wordcamp.org\/2024\/sponsor\/wpbeginner\/\" class=\"wordcamp-image__featured-image-link\"><img loading=\"lazy\" decoding=\"async\" width=\"600\" height=\"208\" src=\"https:\/\/i0.wp.com\/leipzig.wordcamp.org\/2024\/files\/2024\/03\/wpbeginner-logo-wpcentral.png?fit=600%2C208&amp;ssl=1\" class=\"wordcamp-image__featured-image wp-post-image\" alt=\"\" srcset=\"https:\/\/i0.wp.com\/leipzig.wordcamp.org\/2024\/files\/2024\/03\/wpbeginner-logo-wpcentral.png?w=900&amp;ssl=1 900w, https:\/\/i0.wp.com\/leipzig.wordcamp.org\/2024\/files\/2024\/03\/wpbeginner-logo-wpcentral.png?resize=300%2C104&amp;ssl=1 300w, https:\/\/i0.wp.com\/leipzig.wordcamp.org\/2024\/files\/2024\/03\/wpbeginner-logo-wpcentral.png?resize=768%2C266&amp;ssl=1 768w, https:\/\/i0.wp.com\/leipzig.wordcamp.org\/2024\/files\/2024\/03\/wpbeginner-logo-wpcentral.png?resize=500%2C173&amp;ssl=1 500w\" sizes=\"auto, (max-width: 600px) 100vw, 600px\" \/><\/a><\/div>\t\n\t<\/div>\n\n<\/li><\/ul>\n\n\n<hr class=\"wp-block-separator has-alpha-channel-opacity is-style-wide\" \/>\n\n\n\n<h2 class=\"wp-block-heading\">Medienpartner<\/h2>\n\n\n\n<p>Neben unseren Sponsoren unterst\u00fctzen uns auch andere Medienpartner.<\/p>\n\n\n<ul class=\"wordcamp-block wordcamp-post-list has-layout-list wordcamp-sponsors\"><li class=\"wordcamp-post-list__post wordcamp-clearfix\">\n<div class=\"wordcamp-sponsor wordcamp-sponsors__post slug-onlinehaendler-news\">\n\t\t\t<h3 class=\"wordcamp-block__item-title wordcamp-sponsors__title\"><a href=\"https:\/\/leipzig.wordcamp.org\/2024\/sponsor\/onlinehaendler-news\/\">Onlineh\u00e4ndler News<\/a><\/h3>\t\n\t\t\t<div class=\"wordcamp-image__featured-image-container wordcamp-sponsors__featured-image wordcamp-sponsors__logo align-none\"><a href=\"https:\/\/leipzig.wordcamp.org\/2024\/sponsor\/onlinehaendler-news\/\" class=\"wordcamp-image__featured-image-link\"><img loading=\"lazy\" decoding=\"async\" width=\"300\" height=\"119\" src=\"https:\/\/i0.wp.com\/leipzig.wordcamp.org\/2024\/files\/2024\/04\/logo-onlinehaendlernews.jpg?fit=300%2C119&amp;ssl=1\" class=\"wordcamp-image__featured-image wp-post-image\" alt=\"\" \/><\/a><\/div>\t\n\t<\/div>\n\n<\/li><\/ul>\n\n\n<hr class=\"wp-block-separator has-alpha-channel-opacity is-style-wide\" \/>\n\n\n\n<h2 class=\"wp-block-heading\">Du m\u00f6chtest das 3. WordCamp Leipzig 2025 unterst\u00fctzen?<\/h2>\n\n\n\n<p>Melde Dich mit Deiner Unterst\u00fctzungsidee beim Organisationsteam \u00fcber das <a href=\"https:\/\/leipzig.wordcamp.org\/2024\/kontakt\/\" data-type=\"page\" data-id=\"17\">Kontaktformular<\/a>.<\/p>\n","protected":false},"excerpt":{"rendered":"<p>Das WordCamp Leipzig wird durch diese lokalen sowie globalen Unterst\u00fctzer m\u00f6glich! Unterst\u00fctzer Unsere lokalen Sponsoren haben uns insbesondere mit Hilfestellungen unterst\u00fctzt! Globale Gold-Unterst\u00fctzer Wir danken unseren globalen Sponsoren im Goldlevel. Medienpartner Neben unseren Sponsoren unterst\u00fctzen uns auch andere Medienpartner. Du m\u00f6chtest das 3. WordCamp Leipzig 2025 unterst\u00fctzen? Melde Dich mit Deiner Unterst\u00fctzungsidee beim Organisationsteam \u00fcber [&hellip;]<\/p>\n","protected":false},"author":20917600,"featured_media":0,"parent":0,"menu_order":0,"comment_status":"closed","ping_status":"closed","template":"","meta":{"advanced_seo_description":"","jetpack_seo_html_title":"","jetpack_seo_noindex":false,"jetpack_post_was_ever_published":false,"footnotes":""},"class_list":["post-10","page","type-page","status-publish","hentry"],"jetpack_sharing_enabled":true,"jetpack_likes_enabled":true,"jetpack-related-posts":[],"_links":{"self":[{"href":"https:\/\/leipzig.wordcamp.org\/2024\/wp-json\/wp\/v2\/pages\/10","targetHints":{"allow":["GET"]}}],"collection":[{"href":"https:\/\/leipzig.wordcamp.org\/2024\/wp-json\/wp\/v2\/pages"}],"about":[{"href":"https:\/\/leipzig.wordcamp.org\/2024\/wp-json\/wp\/v2\/types\/page"}],"author":[{"embeddable":true,"href":"https:\/\/leipzig.wordcamp.org\/2024\/wp-json\/wp\/v2\/users\/20917600"}],"replies":[{"embeddable":true,"href":"https:\/\/leipzig.wordcamp.org\/2024\/wp-json\/wp\/v2\/comments?post=10"}],"version-history":[{"count":9,"href":"https:\/\/leipzig.wordcamp.org\/2024\/wp-json\/wp\/v2\/pages\/10\/revisions"}],"predecessor-version":[{"id":687,"href":"https:\/\/leipzig.wordcamp.org\/2024\/wp-json\/wp\/v2\/pages\/10\/revisions\/687"}],"wp:attachment":[{"href":"https:\/\/leipzig.wordcamp.org\/2024\/wp-json\/wp\/v2\/media?parent=10"}],"curies":[{"name":"wp","href":"https:\/\/api.w.org\/{rel}","templated":true}]}}